 greatest common factor of 37 and 185?
37
Calculate the greatest common divisor of 13 and 1417.
13
What is the greatest common divisor of 646 and 38?
38
Calculate the greatest common factor of 6 and 366.
6
What is the highest common divisor of 48 and 948?
12
What is the highest common factor of 546 and 42?
42
What is the highest common divisor of 53 and 109?
1
Calculate the greatest common divisor of 4565 and 415.
415
Calculate the greatest common factor of 545 and 125.
5
Calculate the highest common factor of 4277 and 91.
91
What is the highest common factor of 1612 and 434?
62
What is the greatest common divisor of 650 and 377?
13
Calculate the greatest common divisor of 270 and 9.
9
What is the greatest common divisor of 32 and 2272?
32
Calculate the highest common divisor of 47 and 2162.
47
Calculate the highest common divisor of 1617 and 147.
147
Calculate the greatest common factor of 568 and 40.
8
Calculate the greatest common factor of 16 and 58544.
16
Calculate the greatest common factor of 81 and 2592.
81
Calculate the greatest common divisor of 96 and 24.
24
Calculate the greatest common factor of 108 and 837.
27
What is the highest common factor of 1812 and 156?
12
Calculate the highest common factor of 2716 and 28.
28
Calculate the greatest common factor of 72 and 2916.
36
Calculate the greatest common divisor of 15685 and 5.
5
What is the highest common factor of 25 and 90?
5
Calculate the greatest common factor of 2916 and 72.
36
What is the greatest common factor of 18 and 27?
9
What is the highest common factor of 8611 and 711?
79
What is the greatest common divisor of 448 and 64?
64
What is the greatest common factor of 8489 and 13?
13
What is the greatest common divisor of 300 and 720?
60
What is the highest common divisor of 2484 and 60?
12
Calculate the greatest common factor of 2421 and 333.
9
Calculate the highest common divisor of 6610 and 20.
10
What is the greatest common divisor of 247 and 133?
19
Calculate the greatest common factor of 2205 and 1029.
147
What is the highest common factor of 36 and 3726?
18
What is the greatest common divisor of 208 and 91?
13
What is the highest common factor of 2190 and 45?
15
What is the highest common divisor of 10 and 2?
2
Calculate the highest common factor of 546 and 336.
42
Calculate the highest common divisor of 40 and 65.
5
Calculate the highest common divisor of 72 and 1476.
36
What is the greatest common factor of 198 and 9756?
18
Calculate the highest common divisor of 416 and 117.
13
What is the greatest common factor of 76 and 57?
19
Calculate the greatest common divisor of 2494 and 602.
86
Calculate the highest common factor of 150 and 1425.
75
Calculate the highest common divisor of 1164 and 970.
194
Calculate the greatest common divisor of 12 and 192.
12
Calculate the highest common factor of 351 and 26.
13
What is the greatest common divisor of 1974 and 84?
42
What is the highest common divisor of 10 and 95?
5
What is the greatest common divisor of 12 and 12?
12
Calculate the greatest common factor of 3104 and 32.
32
Calculate the greatest common factor of 583 and 106.
53
Calculate the greatest common divisor of 21 and 945.
21
Calculate the greatest common divisor of 243 and 6.
3
Calculate the greatest common divisor of 738 and 11562.
246
Calculate the greatest common factor of 4 and 2918.
2
Calculate the greatest common factor of 667 and 23.
23
What is the greatest common divisor of 13659 and 435?
87
Calculate the highest common divisor of 206 and 103.
103
Calculate the highest common divisor of 168 and 48.
24
Calculate the highest common divisor of 40 and 1330.
10
Calculate the greatest common factor of 29 and 3799.
29
What is the highest common divisor of 1946 and 112?
14
What is the greatest common divisor of 7171 and 101?
101
Calculate the highest common factor of 162 and 17334.
162
What is the greatest common factor of 888 and 111?
111
Calculate the highest common factor of 26 and 559.
13
Calculate the greatest common factor of 24 and 147.
3
Calculate the highest common divisor of 32 and 3056.
16
Calculate the highest common divisor of 595 and 1955.
85
What is the highest common factor of 1025 and 625?
25
What is the highest common factor of 684 and 8?
4
Calculate the greatest common divisor of 120 and 440.
40
Calculate the highest common factor of 460 and 644.
92
What is the highest common divisor of 18 and 450?
18
What is the greatest common factor of 310 and 410?
10
Calculate the highest common factor of 45 and 145.
5
Calculate the highest common factor of 136 and 56.
8
What is the highest common divisor of 285 and 2394?
57
Calculate the highest common factor of 2712 and 6.
6
Calculate the greatest common factor of 141 and 94.
47
What is the highest common factor of 301 and 172?
43
Calculate the greatest common divisor of 36 and 36.
36
What is the highest common divisor of 540 and 5292?
108
Calculate the highest common factor of 14 and 56.
14
What is the greatest common divisor of 288 and 32?
32
What is the greatest common divisor of 378 and 1274?
14
Calculate the greatest common divisor of 44 and 17644.
44
Calculate the highest common factor of 144 and 784.
16
What is the highest common divisor of 14 and 252?
14
What is the highest common divisor of 24 and 996?
12
Calculate the highest common factor of 370 and 40.
10
What is the greatest common factor of 5658 and 276?
138
What is the highest common factor of 384 and 42?
6
Calculate the highest common divisor of 520 and 24.
8
Calculate the greatest common factor of 250 and 2225.
25
What is the highest common factor of 12 and 4332?
12
What is the greatest common factor of 175 and 4865?
35
What is the greatest common divisor of 87 and 4089?
87
What is the greatest common factor of 16 and 48?
16
What is the greatest common factor of 10 and 2670?
10
What is the highest common divisor of 825 and 66?
33
What is the highest common divisor of 14 and 8?
2
Calculate the highest common divisor of 7 and 15379.
7
What is the greatest common divisor of 1479 and 261?
87
Calculate the greatest common divisor of 12 and 540.
12
Calculate the highest common divisor of 117 and 42.
3
What is the greatest common divisor of 240 and 1024?
16
What is the greatest common divisor of 5 and 3405?
5
What is the highest common factor of 2867 and 94?
47
What is the greatest common factor of 944 and 16?
16
Calculate the highest common divisor of 489 and 51.
3
What is the highest common divisor of 221 and 272?
17
What is the highest common divisor of 8 and 3904?
8
What is the greatest common factor of 51 and 1156?
17
What is the highest common divisor of 10 and 6010?
10
What is the greatest common factor of 425 and 50?
25
What is the highest common divisor of 3219 and 87?
87
What is the greatest common factor of 12 and 756?
12
What is the greatest common factor of 126 and 7?
7
Calculate the highest common factor of 377 and 116.
29
Calculate the highest common factor of 27 and 207.
9
Calculate the greatest common factor of 218 and 2.
2
What is the greatest common factor of 420 and 560?
140
Calculate the greatest common factor of 232 and 29.
29
Calculate the greatest common divisor of 99 and 209.
11
What is the highest common factor of 12839 and 37?
37
What is the greatest common factor of 18 and 63?
9
What is the highest common divisor of 340 and 60?
20
What is the highest common factor of 22 and 385?
11
Calculate the highest common divisor of 208 and 559.
13
Calculate the greatest common divisor of 26 and 637.
13
Calculate the highest common factor of 27985 and 145.
145
Calculate the highest common factor of 306 and 34.
34
What is the greatest common divisor of 16 and 176?
16
Calculate the greatest common divisor of 1524 and 108.
12
Calculate the greatest common divisor of 16902 and 162.
54
Calculate the highest common factor of 420 and 672.
84
What is the highest common divisor of 18 and 18?
18
What is the greatest common factor of 222 and 592?
74
What is the highest common factor of 1221 and 1617?
33
Calculate the greatest common factor of 1764 and 630.
126
What is the greatest common factor of 525 and 42?
21
What is the greatest common factor of 14060 and 190?
190
What is the greatest common factor of 232 and 8700?
116
What is the 